
3, 7
Let f(i) = 43*i - 4. Let u(k) = k + 1. Let v(d) = -f(d) - 3*u(d). Let a be v(-1). Suppose 65 = 4*b - l, 5*l - 11 = 3*b - a. What are the prime factors of b?
17
Let y = 57 - 20. What are the prime factors of y?
37
Let r(k) = -k**3 + 6*k**2 - 4*k - 7. Let w be r(5). Let a(y) = 3*y**2 + y + 2. List the prime factors of a(w).
2, 3
Suppose 3*q - 22 = 101. What are the prime factors of q?
41
Let b = 105 - 65. What are the prime factors of b?
2, 5
Suppose 0*t + 4 = 2*t. List the prime factors of (-2 + t + 1)*35.
5, 7
Suppose -v + 82 = v. Suppose -5*m - 155 = -30. Let o = m + v. List the prime factors of o.
2
Let b = 107 - 59. What are the prime factors of b?
2, 3
Let k(n) = n**2 + 4*n + 2. Let p be k(-4). Suppose -4*m = -5*j + 610 - 243, -p*m + 229 = 3*j. Suppose -4*v + j = v. List the prime factors of v.
3, 5
Let x(h) = h - 12. Let o be x(10). List the prime factors of (o - -37) + (0 - -2).
37
Let z = -308 + 574. What are the prime factors of z?
2, 7, 19
Suppose -5*d + 3*d + 5*h = -31, -h = 3. Let t = d + 8. What are the prime factors of t?
2
Suppose -4*z + 10 = q - 28, q = -3*z + 38. List the prime factors of q.
2, 19
Let j be ((-2 - -2) + -2)/2. Let s be (8 - 5) + j + 0. Suppose -6 + 0 = -s*v. List the prime factors of v.
3
Let q = 105 + -48. What are the prime factors of q?
3, 19
Suppose u = 5*u + 84. Let r = -3 + u. Let d = -12 - r. List the prime factors of d.
2, 3
Let p(g) = -3*g**2 + 6*g - 4. Let h(f) = -f**2 + f - 1. Let s(n) = -4*h(n) + p(n). Let c be s(-3). List the prime factors of 4/6*8*c.
2
Let h(u) = u**2 + 2*u - 1. What are the prime factors of h(4)?
23
Suppose -2*l - 678 = -3*d - d, 4*l = d - 159. List the prime factors of d.
3, 19
Suppose 5*w = 6*w + 3. Let d = w + 1. List the prime factors of -2*1 + 2 - d.
2
Suppose -12*k + k + 2046 = 0. What are the prime factors of k?
2, 3, 31
Suppose 0*t = -2*t + 40. Let g be 2/(3/6 + 0). Suppose -g*d = -8 - t. What are the prime factors of d?
7
Let w = -35 + 39. Suppose 0*g + 80 = 4*g. Suppose 8*y - w*y = g. What are the prime factors of y?
5
Let c(o) = 15*o - 7. Let s be c(-5). Let f = -34 - s. Let t = -33 + f. List the prime factors of t.
3, 5
Let w(u) = 8*u - 5. What are the prime factors of w(5)?
5, 7
Let p(q) = -3*q + 1. Let o = -17 + 12. List the prime factors of p(o).
2
What are the prime factors of 5 - (273/(-3) - 2)?
2, 7
Let r be (1/2)/(8/48). What are the prime factors of 15 - (-4 + 2 + r)?
2, 7
What are the prime factors of 149/3 + 6/18?
2, 5
Let t(h) = -h**3 + 0*h**3 + 3*h**2 + 11*h - 4 - 5*h. Let y be t(4). Suppose y*i = 57 - 9. List the prime factors of i.
2, 3
Suppose 0 = 2*u - 8. Suppose -4*t - k = -21, k - 5 = t - u. List the prime factors of t.
2
Suppose 0 = 2*p - 4, c - 60 = -4*p - 1. What are the prime factors of c?
3, 17
Suppose 3*a = 4*n + a - 824, -3*n - 2*a = -632. List the prime factors of n.
2, 13
Suppose 5*v - 2*v - 87 = 0. What are the prime factors of v?
29
Suppose -j - n + 20 = 0, j + 3*j - 4*n = 64. What are the prime factors of (6/(-4))/(j/(-480))?
2, 5
What are the prime factors of 144/10 + (-6)/(-10)?
3, 5
Let y(v) = 2*v - 3. Let k be y(0). Let o(t) = -t**3 + 6*t + 6. What are the prime factors of o(k)?
3, 5
Let j = -1 + 5. List the prime factors of j.
2
Suppose 2*s - s - 5*c - 15 = 0, -4*s + c + 22 = 0. Suppose h = 5*h - 5*r - 113, 0 = -2*h + r + 49. Suppose s*v = 3*v + h. What are the prime factors of v?
11
Let c(o) be the third derivative of -o**5/60 + o**4/3 + 3*o**3/2 - o**2. Let p be c(9). Suppose p = 3*t + 13 - 46. List the prime factors of t.
11
Let i(w) = 2*w**2 - 28*w + 12. What are the prime factors of i(14)?
2, 3
Suppose 1 = -2*o - 7. Let m(l) be the second derivative of l**4/6 + l**3 + 2*l**2 + 2*l. List the prime factors of m(o).
2, 3
List the prime factors of 36 - 1 - 6/2.
2
Let r = 68 + 0. List the prime factors of r.
2, 17
Let o(x) be the first derivative of -x**3/3 - 7*x**2/2 + 4*x + 2. Let q = 0 + -7. List the prime factors of o(q).
2
Let s be 2 + 3 + -2 + 1. Suppose 3*g - 5*g = 4*d - s, -2*g = 5*d + 1. Suppose -v - 4*c + 3 = 12, 0 = 3*c + g. List the prime factors of v.
7
Let q(p) = -3*p - 14. Suppose -u + 5*u + 35 = y, -u - y = 15. List the prime factors of q(u).
2
Let m(o) = -o**3 + 8*o**2 - 9*o. Let f be m(6). Let n = f + -13. What are the prime factors of n?
5
Let l(v) be the third derivative of v**4/24 + 7*v**3/6 - 2*v**2. List the prime factors of l(-5).
2
Let r = 3 + 1. What are the prime factors of 60*((-8)/(-4))/r?
2, 3, 5
What are the prime factors of 0 - 1/2 - (-474)/4?
2, 59
Let d(z) = 4*z**3 - 9*z**2 - 8*z. Let h(k) = -3*k**3 + 8*k**2 + 7*k. Let q(v) = -4*d(v) - 5*h(v). What are the prime factors of q(-5)?
2, 5
Suppose 0 = 5*w - 38 - 42. What are the prime factors of w?
2
Let p(d) = 2*d**2 - 3*d - 23. List the prime factors of p(13).
2, 3, 23
Let m = -16 - -6. Suppose -p - 15 = 2*n, -5*p - 21 = n - 0*p. Let b = n - m. List the prime factors of b.
2
Suppose 7*l = 10*l - 117. What are the prime factors of l?
3, 13
Let w(j) be the first derivative of j**4/6 + j**3/6 - j**2 - 2. Let u(x) be the second derivative of w(x). What are the prime factors of u(3)?
13
Let n(f) = 2*f - 4. Let w be n(-3). Let i = w - -17. Suppose -5*d = -8 - i. What are the prime factors of d?
3
Let f(i) = -2*i - 3. Let q be f(-9). Suppose -m = -3*t - 3, q = 5*m + t + 3*t. List the prime factors of m.
3
Let t(d) = d. Let o(l) = -4*l - 1. Let i(a) = 2*o(a) + 9*t(a). Let c be i(-6). Let k = c + 14. What are the prime factors of k?
2, 3
Suppose 0 = -5*i - 2*q + 165, -5*i - 5*q + 4*q = -160. List the prime factors of i.
31
Suppose -3*q + 20 = 2*q. Suppose 0*p - 96 = -3*l + q*p, -121 = -4*l + 3*p. What are the prime factors of l?
2, 7
Suppose -5*c = -2*q - 323, -5*c + 335 = -2*q - 3*q. List the prime factors of c.
3, 7
Let t(q) be the third derivative of -q**6/120 - q**4/24 + 2*q**3 - 4*q**2. List the prime factors of t(0).
2, 3
Let c(y) be the second derivative of 1/10*y**5 + 0 + 0*y**3 - 1/12*y**4 - y + y**2. What are the prime factors of c(2)?
2, 7
Suppose 5*k + 4*j - 27 = -2, -3*j = 3*k - 12. What are the prime factors of (1 + 1/(-3))*k?
2, 3
Let o(q) = -q**2 + 11*q - 2. Let r(j) = j + 10. Let z be r(0). What are the prime factors of o(z)?
2
Let f(m) = 12 + 13 - 2*m + 3*m - 10. List the prime factors of f(7).
2, 11
Let h = 117 + -68. What are the prime factors of h?
7
Let l(g) = 4*g + 2*g + g**3 - 4*g - 6 - 4*g + 10*g**2. List the prime factors of l(-10).
2, 7
Let l = 508 - 338. What are the prime factors of l?
2, 5, 17
Let f = 16 - -32. Suppose -5*n = -12 - f. What are the prime factors of 1*15/n*4?
5
Let s(b) = b**3 + 8*b**2 - 4*b + 1. List the prime factors of s(-8).
3, 11
Suppose -5*r = 0, 0 = 2*j - 3*r - 158 + 16. List the prime factors of j.
71
Let b be 0 + -2 - (-1 + -6). Suppose -5*u - 35 = 5*y - 6*u, -55 = b*y - 5*u. Let z = 6 - y. List the prime factors of z.
2, 3
Suppose 0 = 3*k - 8*k + 20. Suppose -k*x + 16 = -36. What are the prime factors of x?
13
Let j(w) = 16*w + 13. List the prime factors of j(5).
3, 31
Let q(o) = -112*o - 13. What are the prime factors of q(-3)?
17, 19
Let v(x) = x**2 + 2*x - 3. Let t(w) = w**3 + 3*w**2 + 3. Let n be t(-3). List the prime factors of v(n).
2, 3
Suppose d = v + 37, 7*v - 145 = -5*d + 2*v. What are the prime factors of d?
3, 11
Suppose d = -0 + 1. List the prime factors of ((-62 - 1) + d)/(-2).
31
Suppose 3*y - 4 = 5*b + 22, -4*b = 16. Let x = y - 2. Suppose -l = x, 4*q + 2*l - 40 = 5*l. What are the prime factors of q?
2, 5
Suppose 0 = 3*v - 2 - 31. Let z = v - 9. What are the prime factors of z?
2
Let i = 98 + -60. List the prime factors of i.
2, 19
Let v(y) = 1 - 3 - 1 + y. List the prime factors of v(5).
2
Let t(a) = a**3 + a**2 - 2*a - 2. Let m be t(-3). Let y = 13 - m. Suppose 3*j + 3*d = -0*j + y, 2*j + 3*d - 23 = 0. List the prime factors of j.
2
Let j(u) = u**2 - 2*u - 2. Let i be j(0). List the prime factors of ((-6)/(-3) - -17) + i.
17
Let i(w) = w**2 - 8. Suppose 3*h = 5*h - 10. What are the prime factors of i(h)?
17
Let s(h) = -h**2 - h - 1. Let a(z) = z**2 + 3*z. Let x(f) = -a(f) - 2*s(f). Suppose 3*n - 2 - 4 = 0. What are the prime factors of x(n)?
2
Suppose -8*c + 38 = -6*c. List the prime factors of c.
19
Let h(m) = -m**2 + 6*m + 8. Let k be h(7). List the prime factors of -1 - (-33)/